51 is divided by 4/16 - 1*103/u?
25
Let j be ((-16)/24)/(2/(-6)). Suppose -j*f + 0*f = -8. Suppose -4*y - 139 = -82*y + 563. What is the remainder when y is divided by f?
1
Let b = -21977 - -23355. What is the remainder when b is divided by 49?
6
Let u(j) be the second derivative of j**4/12 - 3*j**3/2 - 161*j**2/2 - 22*j. Let k(v) = 5*v + 3. What is the remainder when u(-11) is divided by k(4)?
13
Let s = 162 + -168. Calculate the remainder when 44 is divided by 21 + (-11)/(11/s).
17
Let y(s) = -3*s + 90. Let r(w) = w + 2. Let z(o) = 4*r(o) - y(o). Calculate the remainder when 71 is divided by z(14).
7
Calculate the remainder when 14/(-119) + (-8063)/(-187) is divided by 14.
1
Suppose 3751 = 7*n - 4285. Let c = -787 + n. What is the remainder when c is divided by 11?
9
Suppose -51 = -7*l - 898. Let d = l - -162. Calculate the remainder when ((-9)/(-1))/(3/26) is divided by d.
37
Suppose -21*n + 22*n = 121. Let s = n + -81. Suppose -u - 5*h = -s, -3*u = -u - h - 102. Calculate the remainder when u is divided by 20.
10
Let k(a) = a - 3. Let f(g) = 2*g**2 - 2*g + 2. Let p be f(-3). Let z = p - 23. What is the remainder when z is divided by k(4)?
0
Let u(k) = -2*k**3 - 3*k**2 + 3*k - 4. Calculate the remainder when -1*(-25 - (-26 - -28)) is divided by u(-3).
13
Let y = 29313 - 29291. What is the remainder when 51 is divided by y?
7
Suppose 190 = -31*i + 40*i - 1331. Calculate the remainder when 465 is divided by i.
127
Let y(z) = 2*z**3 - 12*z**2 - 2*z - 3. Let r be y(6). What is the remainder when 1*(-27)/r*5 is divided by 8?
1
Let w be (-2 + 60/25)/(1/(-20)). Let p = w - 98. Let m = -89 - p. What is the remainder when 65 is divided by m?
14
Let a = 44 - 30. Suppose -4*o + 2*r + 3 + 9 = 0, o = 3*r + 13. Calculate the remainder when -4 - -1*(112 + 1/o) is divided by a.
11
Let x = -5238 + 5375. Suppose 2*b - 5*b = -63. What is the remainder when x is divided by 3/(-2)*(-658)/b?
43
Suppose 162 - 4 = 4*w - 2*a, w - 4*a - 36 = 0. Calculate the remainder when 324 is divided by w.
4
Suppose i + 2*l + 3*l - 293 = 609, 0 = 3*l. What is the remainder when i is divided by 887?
15
Let u = 144 + -60. Let q = -265 + 265. Suppose 8*x - x - u = q. What is the remainder when 105 is divided by x?
9
Suppose -19*z + 5*z + 8*z + 1710 = 0. Calculate the remainder when 301 is divided by z.
16
Suppose 0*f + 16 = 2*f. Calculate the remainder when (-152)/(-133) - 1503/(-63) is divided by f.
1
Let w(s) = -2*s**3 - 73*s**2 + 40*s + 120. Let x be w(-37). Suppose -4*n = n - 10. Suppose 57 = n*k - x. What is the remainder when 96 is divided by k?
30
Let v = 5733 - 5726. Calculate the remainder when 1026 is divided by v.
4
Suppose 3*x - 34*r - 21 = -31*r, -31 = -5*x + r. What is the remainder when 41 is divided by x?
5
Let g = 183 + -162. Let m(y) = -6*y**3 - 36*y**2 + 12*y - 22. What is the remainder when m(-7) is divided by g?
20
Calculate the remainder when 208 is divided by 1953/15 + 2/(-10).
78
Suppose -9*o = 575 + 64. Let s = o + 68. What is the remainder when 83 is divided by (34/6)/(2/s + 1)?
15
Let j be (458/(-3))/((-8)/(-36)*-3). Let s = j + -207. Calculate the remainder when 34 is divided by s.
12
Suppose 38*h - 34*h + 72 = 4*z, -2*h - 64 = -4*z. Calculate the remainder when (2 - 1042)*z/(-35) is divided by 30.
26
Let k(i) = -20*i - 149. Let m be k(-3). Let x = m + 157. Calculate the remainder when 610 is divided by x.
66
Calculate the remainder when -1 - 24939/(-3) - (177 - 180) is divided by 22.
21
Let d = 7990 + -7802. Calculate the remainder when 594 is divided by d.
30
Suppose 0 = -k - 2*k - s + 18, -3*s = 2*k - 12. Suppose k*h = h + 255. Let g = h - -34. What is the remainder when g is divided by 11?
8
Suppose k - 2*i - 71 = 0, -4*k + 277*i - 276*i = -312. What is the remainder when 241 is divided by k?
4
Let n = 536 + -301. Let h(b) = 6*b**3 - 570*b**2 + 10*b - 869. Calculate the remainder when n is divided by h(95).
73
Let v(y) = -4*y**2 - 50*y - 20. Let p be v(-12). Suppose -p*n - 316 = -1100. What is the remainder when n is divided by 33?
31
Suppose -4*q + 4*u = -236, q + u - 1556 = -1513. Suppose 24 = y - 6. Calculate the remainder when q is divided by y.
21
Let g(m) = 36*m + 69. Suppose -36*c = -37*c - 1. Suppose 0 = -5*j - 0 + 30. Calculate the remainder when g(c) is divided by j.
3
Suppose 388*f - 37*f = -100*f + 256619. What is the remainder when 1720 is divided by f?
13
Suppose k = 5*v - 109, 5*k - k - 26 = -2*v. Let n(w) = 2*w**3 + 65*w**2 - 98*w + 145. What is the remainder when v is divided by n(-34)?
3
Suppose -84*g + 89*g + 3*l = 84, 3*g + 3*l = 48. What is the remainder when 302 is divided by g?
14
Suppose 4*d - 396 = -2*w, -2*d - 134 - 56 = -w. Let j(k) = -2*k**2 + 54*k - 93. Calculate the remainder when w is divided by j(25).
5
Suppose -k + 2*t = -94, 0*k - 5*t - 376 = -4*k. Suppose -4*y + k = 4*q - 22, 2*y + 67 = 3*q. Let o = q - -8. Calculate the remainder when 97 is divided by o.
31
Suppose -3*z = -5*q + 1145, -11*q + 913 = -7*q - 3*z. What is the remainder when q is divided by 60?
52
Let x(o) = -o**2 + 9*o. Let f be x(14). Let i = -46 - f. Calculate the remainder when (57/(-4))/(24/(-160)) is divided by i.
23
Calculate the remainder when 14*(-9 + (-26295)/(-105)) is divided by 8.
4
Let x be 1/(-8) + 207/(-8). Let n = 45 + x. Calculate the remainder when -54 - -57 - (-1 - (1 + 36)) is divided by n.
3
Let b = 108 - 56. Suppose 8*t - 9*t = 0. Suppose -4*q - x + 73 = 0, t*x = q + 5*x - 23. Calculate the remainder when b is divided by q.
16
What is the remainder when 787 is divided by 114 + 26 + -22 - -25?
72
Let z = -5817 - -5945. Calculate the remainder when 413 is divided by z.
29
Let a = 16176 - 16120. What is the remainder when 248 is divided by a?
24
Let r = 16 + 47. Let j = 413 - 413. Suppose j = -5*y + 213 - 133. Calculate the remainder when r is divided by y.
15
Let i = 574 + -321. Suppose h + 49 = z, -5*z + 0*h + i = -3*h. Let w = -22 + z. Calculate the remainder when w is divided by 16.
15
Let l(a) = -10*a + 149. Let o be l(12). Let h(d) = d**3 - 28*d**2 - 27*d - 50. Calculate the remainder when 26 is divided by h(o).
2
Let h(r) = -r**3 + 5*r**2 + 3*r + 1. Suppose 3*f = -a + 84 + 71, -4*f = 4*a - 620. Suppose -a*y + 162*y = 966. What is the remainder when y is divided by h(3)?
26
Suppose 7*o = 3*o + 20. Suppose o*g + 4*g = 684. Suppose -16*p = -20*p + g. What is the remainder when 35 is divided by p?
16
Let t(k) = -4*k**2 - 187*k - 238. Suppose 3*j = -i + 3, 5*j + 0 = 5*i - 15. Calculate the remainder when t(-45) is divided by (-3 + 0)*(-20)/i.
17
Let w = 264 - 80. Let b = -169 + w. Calculate the remainder when 70 is divided by b.
10
Suppose -4*z - 42 = -5*s - 234, -s = -4*z + 192. What is the remainder when z is divided by 31?
17
Let m = -170 - -166. Calculate the remainder when ((82 + m)/(-2))/(-1) is divided by 5.
4
Let n(t) = t**3 + 5*t**2 - t - 2. Let f be n(-4). Let b = -54 - -71. What is the remainder when ((-6)/f)/(2/(-402)) is divided by b?
16
Suppose -3*m + 219*x = 220*x - 367, -5*m = -2*x - 652. Let f(q) = q**3 + 8*q**2 - 2*q - 9. Calculate the remainder when m is divided by f(-7).
18
Let m(s) be the first derivative of 15*s**2/2 - 8*s - 8. Calculate the remainder when m(6) is divided by 33.
16
Suppose -5*j - 4*t + 773 = -749, 3*j - 916 = -t. Suppose 29*l + j = 31*l. Calculate the remainder when l is divided by 24.
9
Let v = -311 + 543. Suppose 4*s = 4*f + v, -5*s - 4*f = -7*f - 300. What is the remainder when s is divided by 11?
8
Let n(r) = r**2 + 71*r + 478. Calculate the remainder when 449 is divided by n(-64).
29
Let z(r) = -33*r + 6. Let t be z(2). Let h be (-15*3/t)/((-1)/12). Let c = h + 31. Calculate the remainder when 59 is divided by c.
15
Let j be (-11 - -14)*(-16)/(-6). Let r = 45 + j. Let w = 1 + 27. Calculate the remainder when r is divided by w.
25
Suppose -118*j + 178 = -114*j - 2*w, j - w = 43. Calculate the remainder when (-4)/(-20) + 1047/15 is divided by j.
24
Suppose 5*n = -3965 - 2665. Let s = 1930 + n. Suppose -5*u - 803 = -4*y, -5*y + 2*u = -2*y - s. Calculate the remainder when y is divided by 41.
38
Let f(k) = -k**2 + 12*k - 14. Let y be f(8). Suppose 0 = 15*o - y*o + 30. Suppose -69*t + 87*t = 54. Calculate the remainder when o is divided by t.
1
Let v = -9 - -9. Let m be (-4)/(9/(-7) - -1)